ded by t?
12
Let u(v) = -4*v - 2. What is the remainder when u(-6) is divided by (-46 - -49)/(-6*3/(-48))?
6
Suppose 23*u = 26*u - 42. Calculate the remainder when 21 is divided by u.
7
Suppose -142 = -3*x - 85. Calculate the remainder when 74 is divided by x.
17
Let s = -872 + 989. Calculate the remainder when 333 is divided by s.
99
Suppose -t - v + 13 = 5, -5*t - 3*v = -46. Calculate the remainder when 43 is divided by t.
10
Let b(v) = 2*v**2 - 2*v + 2. Let f = -1420 + 1484. What is the remainder when f is divided by b(3)?
8
Let n(c) = -22 + 4 - 22*c - 26 + 30*c. What is the remainder when 167 is divided by n(9)?
27
What is the remainder when 54 + (-8)/20 + 108/20 is divided by 19?
2
Suppose -w - q + 17 = 2*q, -2*w - 10 = -5*q. Suppose 5*z + 57 = o, 2*o - w*z = -7*z + 78. Calculate the remainder when o is divided by 11.
9
Let w = -672 - -744. What is the remainder when w is divided by 19?
15
Suppose 42*b - 1428 = -9*b. Calculate the remainder when 74 is divided by b.
18
Suppose c = -c + 44. Let n be (-21)/(-14) + 10/4. Suppose -3*b = -n*b + 6. What is the remainder when c is divided by b?
4
Suppose 0 = -8*d - 34 - 14. Calculate the remainder when 6 is divided by 9/d*(-12)/9*1.
0
Suppose -2*b - 450 = -5*t, -23*t + 90 = -22*t + 2*b. Calculate the remainder when 357 is divided by t.
87
Let r = 1352 - 1300. Calculate the remainder when 171 is divided by r.
15
Let s = 30 - 31. Let l(f) = 38*f**2 - f + 1. What is the remainder when l(s) is divided by ((-1)/(-1))/1 - -13?
12
Let g(v) = v**2 - 2. Let i be g(2). Let u = 72 + -40. What is the remainder when u is divided by (1/3)/(i/102)?
15
Let k = 566 + -458. What is the remainder when k is divided by 22?
20
Suppose -2*u - 4 = 0, -4*x = 3*u - 42 - 20. Suppose -b + 0 = -x. What is the remainder when b is divided by (4/(-2)*-3)/1?
5
Suppose 4*j = -2*u + 16, 0*u = -3*u + 3*j + 33. Calculate the remainder when 36 is divided by u.
6
Let v = -2255 - -2354. Calculate the remainder when v is divided by 24.
3
Let f(s) = 2*s**2 - 2*s. Let v be f(1). Let g be 4 + v - (-105)/15. Let z = g - 7. What is the remainder when 18 is divided by z?
2
Suppose 2*i + j - 5 = 0, 0 = -2*i - i + 4*j + 35. What is the remainder when 117 is divided by i?
2
Let m(a) = -a**3 + 11*a**2 + 4*a + 26. Suppose 2*b - 7*b = 0, -b = -j + 18. Calculate the remainder when m(11) is divided by 2/(-9) + 436/j.
22
Let i(w) = -440*w + 6259. Suppose -2*u = 3*u - 75. Calculate the remainder when i(14) is divided by u.
9
Let k = -116 - -153. Calculate the remainder when k is divided by 10.
7
Suppose 0 = 4*z - 4, 11 + 78 = 4*t + 5*z. Let s be -3*(-2 + 88/(-6)). Suppose 4*q - 198 = s. What is the remainder when q is divided by t?
20
What is the remainder when 15 is divided by (-16)/(-6) + (-2)/30*-5?
0
Suppose 6*p + 58 = 4*p. Let k(u) = -u**3 - 27*u**2 + 57*u - 26. Suppose 0 = -3*d - 2*d + 5. What is the remainder when k(p) is divided by d?
0
Let y(w) = -w - 1. Let g be y(-4). Let o(p) = 7 - g*p + p - 9*p - 16. Calculate the remainder when o(-4) is divided by 12.
11
Let p be (-160)/(-76) + 2/(-19). Suppose 2*o - 250 = -2*o + p*n, -o = -5*n - 58. Calculate the remainder when o is divided by 16.
15
Suppose -2*x - 2*f + 64 = 2*f, 0 = 2*x - 3*f - 57. Let i be (24/x)/(4/10). Suppose i*p - 21 = 33. Calculate the remainder when p is divided by 7.
6
Let b = 47 + -19. Calculate the remainder when 243/(-6)*24/(-18) is divided by b.
26
Suppose 0 = 2*u - u - 4*u. Let b(q) = -q**2 + 3*q + 15. Calculate the remainder when 26 is divided by b(u).
11
Suppose 199*l - 114 = 193*l. Calculate the remainder when 92 is divided by l.
16
Let x(k) = -148*k + 2. Let i = 18 - 19. Let u be x(i). What is the remainder when (u/4)/((-6)/(-12)) is divided by 19?
18
Let h(p) = -p + 12. Suppose u - 3 = 1. What is the remainder when u is divided by h(11)?
0
Suppose 0 = 24*i + 16*i - 1680. Calculate the remainder when i is divided by 9.
6
Let o = 12 + -10. Calculate the remainder when 51 is divided by 1/o - (-175)/14.
12
Suppose -27*g = -25*g - 6. Let b be 479 - (1 + (-15)/g). Suppose 0 = -4*x - 5*v + 398, 5*x - b = 3*v - 2*v. Calculate the remainder when x is divided by 20.
17
Let r be 5/35 + (-328)/(-7). Suppose -r = 6*q - 161. Let n = 2 - -53. What is the remainder when n is divided by q?
17
What is the remainder when 391 is divided by 5/40 + 7/((-448)/(-2552))?
31
Let p(x) = -x**2 + 13*x - 9. Let z be p(11). Suppose -8*n + 7*n = -z. Calculate the remainder when 22 is divided by n.
9
Calculate the remainder when 49 is divided by 129/7 + (-6)/14.
13
Let p = 183 + -34. Calculate the remainder when p is divided by 38.
35
Suppose 0 = -3*b + 10 + 38. Let h(j) = j**3 + 13*j**2 + 24*j - 16. Calculate the remainder when h(-10) is divided by b.
12
Suppose -4*u = -h + 12, -16 = -h - 2*u + 2. Calculate the remainder when 56 is divided by h.
8
Let c = -266 - -271. Calculate the remainder when 25 is divided by c.
0
Let h = -14 + 17. Let u be (-6)/(-10) - 42/(-30). Suppose 2 = -2*l, h*m = m + u*l + 26. Calculate the remainder when 22 is divided by m.
10
Let h(f) be the third derivative of -11*f**4/24 - f**3/3 - 7*f**2. What is the remainder when h(-3) is divided by 8?
7
Let x(f) = 4*f**3 + f**2 - f + 1. Let p be x(1). Suppose -22*u = -10*u + 36. Calculate the remainder when 16 is divided by (-3 + 0)/u + p.
4
Suppose 148 = 4*s - 892. Let y = 14 + -9. Suppose 0 = -y*m + m + s. What is the remainder when m is divided by 22?
21
Calculate the remainder when 66 is divided by 1*6*((-212)/24)/(-53).
0
Let g(b) = -3*b - 2. Suppose -4*c - 5*n + 173 = 0, -n + 1 = -4. What is the remainder when c is divided by g(-4)?
7
Suppose 5*b - 166 = 189. Let t = b + 36. Calculate the remainder when t is divided by 22.
19
Suppose 3*r - 1 = -0*a + a, 4 = -3*r - 4*a. Suppose 2*s - 15 + 7 = r. What is the remainder when s is divided by 1 + 0 - (0 - 1)?
0
Let x(a) = -a**3 + a + 78. Let y(c) = -c**3 + 11*c**2 - 19*c - 50. Calculate the remainder when x(0) is divided by y(6).
14
Let q = 18 + -11. Let p(t) = t**2 + t + 25. Calculate the remainder when p(0) is divided by q.
4
Let u(i) = -61*i**3 + 3*i**2 - 3*i. Let c be u(2). Suppose 3*y - 24 = -4*k - 3, 4*k + y = 23. What is the remainder when c/(-14) - 4/(-7) is divided by k?
5
Suppose -10*y + 4*y = -6. Suppose y + 0 = -d. Let h = 8 - d. What is the remainder when 15 is divided by h?
6
Suppose -d + 2*d + 5*i - 5 = 0, -3*i = 2*d - 38. Let l(g) = -12*g - 69. Let j be l(0). Let c = 3 - j. What is the remainder when c is divided by d?
22
Let u be -1 + 2 + -2 + 23. Suppose 4*m = 3*l + u, 3*m - 18 = -m + l. Let y = -6 + 11. What is the remainder when y is divided by m?
1
Suppose 8*z - 20 = -2*z. Suppose 4*p = 186 + z. Calculate the remainder when p is divided by 10.
7
Suppose -n + h - 3 = -2*n, -22 = -4*n + h. What is the remainder when -1 + 2 + (6 - -5) is divided by n?
2
Suppose -3*g = -0*b - 3*b - 15, -2*g + b + 15 = 0. What is the remainder when g is divided by 9?
1
Let p(r) = -r**3 + 9*r**2 - 6*r + 14. Calculate the remainder when p(8) is divided by 24.
6
Let o(r) = r**3 + 9*r**2 + 9*r + 12. Let p be o(-8). Let z(q) = -q**2 - 3*q + p*q - 4*q + 109 + 2*q. Calculate the remainder when z(0) is divided by 28.
25
Suppose -5*k - 76 = -5*u + u, -30 = -u + 4*k. Suppose -216 + 471 = 5*c. What is the remainder when c is divided by u?
9
Suppose 71 = -5*v + 81. Suppose -2*j - 30 = -4*x, -3*x + v*x - 4*j + 12 = 0. What is the remainder when 31 is divided by x?
7
Suppose 40*m - 843 = 1717. Calculate the remainder when 250 is divided by m.
58
Calculate the remainder when (-26844)/(-48)*(-12)/(-3) is divided by 32.
29
Suppose -3*g + 34 = -2*g. Calculate the remainder when 236 is divided by g.
32
Let r = -1056 - -1100. Calculate the remainder when r is divided by 2/7 + (-82)/(-7).
8
Let c(f) = -3*f**2 + 15*f + 2. Calculate the remainder when (-1)/(-6)*3*10 is divided by c(5).
1
Suppose 2*c - 19 = -0*c + 3*l, -2*c + 5*l + 25 = 0. Suppose c*f = f + 268. Let k = -941 - -958. What is the remainder when f is divided by k?
16
Suppose -9*f = 5*f - 1526. What is the remainder when f is divided by 11?
10
Let c = -431 - -449. Calculate the remainder when 86 is divided by c.
14
Let g = 310 + -298. Let y = -36 - -58. What is the remainder when y is divided by g?
10
Let a = -200 - -276. Calculate the r